{"id":9827,"date":"2025-10-24T18:48:08","date_gmt":"2025-10-24T15:48:08","guid":{"rendered":"https:\/\/www.acvit.com.tr\/magaza\/?post_type=product&#038;p=9827"},"modified":"2026-01-17T14:14:27","modified_gmt":"2026-01-17T11:14:27","slug":"hibrit-collagen-peptites-serum-30-ml","status":"publish","type":"product","link":"https:\/\/www.acvit.com.tr\/magaza\/urun\/hibrit-collagen-peptites-serum-30-ml\/","title":{"rendered":"Hibrit Collagen Peptites Serum \u2013 30 Ml"},"content":{"rendered":"<h3><strong>T\u00fcrkiye\u2019nin \u0130lk Hibrit Biyomimetik Kolajen Serumu<\/strong><\/h3>\n<p>T\u00fcrkiye\u2019de ilk kez <strong>Hyal\u00fcronik Asit<\/strong> ve <strong>Kolajen Peptitleri<\/strong>, \u00f6zel <strong>biyomimetik form\u00fclde<\/strong> bir araya getirildi.<\/p>\n<p>Cildin do\u011fal yap\u0131s\u0131yla uyumlu bu yenilik\u00e7i serum, <strong>an\u0131nda nem<\/strong><strong>lendirmeye<\/strong><strong>, uzun vadede kolajen deste\u011fi ve gen\u00e7lik \u0131\u015f\u0131lt\u0131s\u0131<\/strong> kazand\u0131rmaya yard\u0131mc\u0131 olur.<\/p>\n<p><strong>Do\u011fal \u2013 Vegan \u2013 Cilt biyolojisiyle uyumlu<\/strong><\/p>\n<h3><strong>FORM\u00dcL, DUAL ACTION (\u00c7\u0130FT ETK\u0130) TEKNOLOJ\u0130S\u0130 PRENS\u0130B\u0130YLE \u00c7ALI\u015eIR<\/strong><\/h3>\n<h4><strong>1-Derin Nem ve Dolgunluk (An\u0131nda Etki) \u2013 Sensorial Booster<\/strong><\/h4>\n<ul>\n<li>Hyal\u00fcronik Asit i\u00e7eri\u011fiyle cildi yo\u011fun bi\u00e7imde nemlendirmeye yard\u0131mc\u0131 olur.<\/li>\n<li>Kadifemsi dokuda, dolgun ve cam parlakl\u0131\u011f\u0131nda bir cilt g\u00f6r\u00fcn\u00fcm\u00fc kazand\u0131rmaya destek olur.<\/li>\n<li>\u0130lk uygulamada bile ciltte tazelik ve nem hissi olu\u015fturur.<\/li>\n<\/ul>\n<h4><strong>2-<\/strong><strong>Kolajen Deste\u011fi ve S\u0131k\u0131la\u015fma (Uzun Vadeli Etki) \u2013 Anti-Aging &amp; Hydration<\/strong><\/h4>\n<ul>\n<li>Kolajen Peptitleri, Tripeptide-1 ve Hexapeptide-9 ile cildin do\u011fal kolajen a\u011f\u0131n\u0131n desteklenmesine katk\u0131 sa\u011flar.<\/li>\n<li>Cilt elastikiyetini art\u0131rmaya, k\u0131r\u0131\u015f\u0131kl\u0131k g\u00f6r\u00fcn\u00fcm\u00fcn\u00fc azaltmaya ve daha p\u00fcr\u00fczs\u00fcz bir doku olu\u015fumuna yard\u0131mc\u0131 olur.<\/li>\n<\/ul>\n<h3><strong>Gen\u00e7lik I\u015f\u0131lt\u0131s\u0131 ve Parlak G\u00f6r\u00fcn\u00fcm<\/strong><\/h3>\n<ul>\n<li>Niacinamide (Vitamin B3) i\u00e7eri\u011fiyle cilt tonunu dengelemeye, parlakl\u0131k kazand\u0131rmaya ve g\u00f6zenek g\u00f6r\u00fcn\u00fcm\u00fcn\u00fc azaltmaya destek olur.<\/li>\n<li>D\u00fczenli kullan\u0131mda cilt daha <strong>canl\u0131, nemli ve sa\u011fl\u0131kl\u0131<\/strong> bir g\u00f6r\u00fcn\u00fcm kazanabilir.<\/li>\n<\/ul>\n<h3><strong>Bilimsel \u00d6zellikler<\/strong><\/h3>\n<p>T\u00fcrkiye\u2019nin ilk hibrit biyomimetik form\u00fcl\u00fcne sahip serumudur.<br \/>\nDo\u011fal, vegan i\u00e7eriklidir ve cilt biyolojisiyle uyumludur.<\/p>\n<p><strong>Etken \u0130\u00e7erik \u00d6zeti:<\/strong><\/p>\n<ul>\n<li><strong>Hyal\u00fcronik Asit:<\/strong> Derin nemlendirme ve dolgunluk hissi.<\/li>\n<li><strong>Kolajen Peptitleri:<\/strong> Cildin do\u011fal kolajen \u00fcretimini destekler.<\/li>\n<li><strong>Niacinamide (B3):<\/strong> Parlakl\u0131k, ton e\u015fitli\u011fi ve g\u00f6zenek g\u00f6r\u00fcn\u00fcm\u00fcnde azalma sa\u011flar.<\/li>\n<li><strong>Peptit Kompleksi:<\/strong> Elastikiyet art\u0131\u015f\u0131na ve k\u0131r\u0131\u015f\u0131kl\u0131k g\u00f6r\u00fcn\u00fcm\u00fcn\u00fcn hafiflemesine yard\u0131mc\u0131 olur.<\/li>\n<\/ul>\n<h3><strong>G\u00f6zlemlerle Desteklenen Sonu\u00e7lar<\/strong><\/h3>\n<p><em>(Kullan\u0131c\u0131 g\u00f6zlemlerine dayanmaktad\u0131r, bireysel sonu\u00e7lar farkl\u0131l\u0131k g\u00f6sterebilir.)<\/em><\/p>\n<ul>\n<li>+%15 an\u0131nda nem hissine,<\/li>\n<li>+%38 elastikiyet art\u0131\u015f\u0131na,<\/li>\n<li>+%547 dolgunluk hissi art\u0131\u015f\u0131na,<\/li>\n<li>4 saatte %48 daha parlak cilt g\u00f6r\u00fcn\u00fcm\u00fcne destek olabilir.<\/li>\n<\/ul>\n<h3><strong>Kullan\u0131m \u015eekli<\/strong><\/h3>\n<ol>\n<li><strong>Cildinizi temizleyin:<\/strong> Sabah ve ak\u015fam nazik bir temizleyiciyle.<\/li>\n<li><strong>(\u0130ste\u011fe ba\u011fl\u0131)<\/strong> Alkols\u00fcz tonik ile cildinizi haz\u0131rlay\u0131n.<\/li>\n<li><strong>Serumu uygulay\u0131n:<\/strong> 2\u20133 damla serumu y\u00fcz ve boyun b\u00f6lgesine nazik\u00e7e masaj yaparak uygulay\u0131n.<\/li>\n<li><strong>Emilmesini bekleyin:<\/strong> 1\u20132 dakika bekleyin.<\/li>\n<li><strong>Nemlendiriciyle tamamlay\u0131n.<\/strong><\/li>\n<li><strong>G\u00fcnd\u00fcz kullan\u0131m\u0131nda SPF 30+ koruyucu<\/strong> uygulay\u0131n.<\/li>\n<\/ol>\n<p><strong>Kullan\u0131m S\u0131kl\u0131\u011f\u0131:<\/strong><br \/>\nG\u00fcnde 1\u20132 kez. Hassas ciltler ilk hafta g\u00fcnde 1 kez ba\u015flayabilir.<\/p>\n<p>\u26a0\ufe0f <strong>Dikkat Edilmesi Gerekenler:<\/strong><\/p>\n<ul>\n<li>A\u00e7\u0131k yara, egzama veya tahri\u015f varsa kullanmadan \u00f6nce dermatolo\u011fa dan\u0131\u015f\u0131n.<\/li>\n<li>Retinol, AHA\/BHA gibi aktiflerle d\u00f6n\u00fc\u015f\u00fcml\u00fc olarak kullan\u0131n.<\/li>\n<\/ul>\n<p><iframe title=\"\ud83d\udc8e HIBRIT COLLAGEN PEPTIDES SERUM \u2013 30 ML\" width=\"500\" height=\"281\" src=\"https:\/\/www.youtube.com\/embed\/J9ovsrOEW3g?feature=oembed\" frameborder=\"0\" allow=\"accelerometer; autoplay; clipboard-write; encrypted-media; gyroscope; picture-in-picture; web-share\" referrerpolicy=\"strict-origin-when-cross-origin\" allowfullscreen><\/iframe><\/p>\n","protected":false},"excerpt":{"rendered":"<p><strong>T\u00fcrkiye\u2019nin \u0130lk Hibrit Biyomimetik Kolajen Serumu<br \/>\n<\/strong>Kolajen ve hyaluronik asit ile cildin nemlenmesine ve gen\u00e7lik \u0131\u015f\u0131lt\u0131s\u0131 kazanmas\u0131na yard\u0131mc\u0131 olabilir.<br \/>\n\ud83d\udca7 <strong>An\u0131nda Kadifemsi His:<\/strong> P\u00fcr\u00fczs\u00fcz ve yumu\u015fak cilt hissi sa\u011flayabilir.<br \/>\n\u2728 <strong>Uzun Vadeli Gen\u00e7lik:<\/strong> D\u00fczenli kullan\u0131mda nem art\u0131\u015f\u0131 ve k\u0131r\u0131\u015f\u0131kl\u0131k hacminin azalmas\u0131na destek olabilir.<br \/>\n\ud83c\udf3f <strong>Do\u011fal &amp; Vegan:<\/strong> Ciltle uyumlu, ya\u015flanma kar\u015f\u0131t\u0131 etki sunabilir.<\/p>\n","protected":false},"featured_media":9828,"comment_status":"closed","ping_status":"closed","template":"","meta":[],"product_brand":[],"product_cat":[15,62,89],"product_tag":[257,181,217,451,450,452,183],"class_list":{"0":"post-9827","1":"product","2":"type-product","3":"status-publish","4":"has-post-thumbnail","6":"product_cat-genel","7":"product_cat-cilt-bakimi","8":"product_cat-serumlar","9":"product_tag-acvit","10":"product_tag-cilt","11":"product_tag-ciltbakim","12":"product_tag-collagen","13":"product_tag-hibrit","14":"product_tag-peptites","15":"product_tag-serum","16":"ts_product_brand-acvit","18":"first","19":"instock","20":"shipping-taxable","21":"purchasable","22":"product-type-simple"},"aioseo_notices":[],"_links":{"self":[{"href":"https:\/\/www.acvit.com.tr\/magaza\/wp-json\/wp\/v2\/product\/9827","targetHints":{"allow":["GET"]}}],"collection":[{"href":"https:\/\/www.acvit.com.tr\/magaza\/wp-json\/wp\/v2\/product"}],"about":[{"href":"https:\/\/www.acvit.com.tr\/magaza\/wp-json\/wp\/v2\/types\/product"}],"replies":[{"embeddable":true,"href":"https:\/\/www.acvit.com.tr\/magaza\/wp-json\/wp\/v2\/comments?post=9827"}],"wp:featuredmedia":[{"embeddable":true,"href":"https:\/\/www.acvit.com.tr\/magaza\/wp-json\/wp\/v2\/media\/9828"}],"wp:attachment":[{"href":"https:\/\/www.acvit.com.tr\/magaza\/wp-json\/wp\/v2\/media?parent=9827"}],"wp:term":[{"taxonomy":"product_brand","embeddable":true,"href":"https:\/\/www.acvit.com.tr\/magaza\/wp-json\/wp\/v2\/product_brand?post=9827"},{"taxonomy":"product_cat","embeddable":true,"href":"https:\/\/www.acvit.com.tr\/magaza\/wp-json\/wp\/v2\/product_cat?post=9827"},{"taxonomy":"product_tag","embeddable":true,"href":"https:\/\/www.acvit.com.tr\/magaza\/wp-json\/wp\/v2\/product_tag?post=9827"}],"curies":[{"name":"wp","href":"https:\/\/api.w.org\/{rel}","templated":true}]}}