{"id":8770,"date":"2024-09-23T18:36:54","date_gmt":"2024-09-23T15:36:54","guid":{"rendered":"https:\/\/www.acvit.com.tr\/magaza\/?post_type=product&#038;p=8770"},"modified":"2026-01-17T14:20:18","modified_gmt":"2026-01-17T11:20:18","slug":"boyali-ve-islem-gormus-saclar-icin-bakim-sampuani-330-ml-dogal-unisex","status":"publish","type":"product","link":"https:\/\/www.acvit.com.tr\/magaza\/urun\/boyali-ve-islem-gormus-saclar-icin-bakim-sampuani-330-ml-dogal-unisex\/","title":{"rendered":"Boyal\u0131 ve \u0130\u015flem G\u00f6rm\u00fc\u015f Y\u0131pranm\u0131\u015f Sa\u00e7lar \u0130\u00e7in Bak\u0131m \u015eampuan\u0131 \u2013 330 ML. \/ Do\u011fal \/ Unisex"},"content":{"rendered":"<h3><strong>Boyal\u0131 ve \u0130\u015flem G\u00f6rm\u00fc\u015f Sa\u00e7lar \u0130\u00e7in Do\u011fal Bak\u0131m \u015eampuan\u0131 \u2013 330 ml<\/strong><\/h3>\n<p>Boyal\u0131 ve i\u015flem g\u00f6rm\u00fc\u015f sa\u00e7lar, d\u00fczenli bak\u0131m ve besleme gerektirir. \u00d6zel olarak boyal\u0131 veya i\u015flem g\u00f6rm\u00fc\u015f sa\u00e7lar i\u00e7in \u00fcretti\u011fimiz ileri d\u00fczey bak\u0131m \u015fampuan\u0131m\u0131z i\u00e7eri\u011finde bulunan,<\/p>\n<p><strong>Argan Ya\u011f\u0131<\/strong><br \/>\n<strong>Collejen<\/strong><br \/>\n<strong>Aesculus Hippocastanum Seed Extract \u2013 At Kestanesi \u00d6z\u00fc<\/strong><br \/>\n<strong>Equisetum Arvense Extract \u2013 Bitki olan At Kuyru\u011fu veya T\u0131ra\u015f Otu<\/strong><br \/>\n<strong>Chamomilla Recutita Flower Extract<\/strong><br \/>\n<strong>Keratin <\/strong>gibi g\u00fc\u00e7l\u00fc, do\u011fal bile\u015fenlerle zenginle\u015ftirilmi\u015f bu \u00f6zel i\u00e7erik,<\/p>\n<p><strong>Sa\u00e7\u0131n\u0131z\u0131 derinlemesine beslemeye,<br \/>\nG\u00fc\u00e7lendirmeye,<br \/>\nSa\u011fl\u0131kl\u0131 bir g\u00f6r\u00fcn\u00fcm kazand\u0131rmaya yard\u0131mc\u0131 olur.<\/strong><\/p>\n<p>Ayr\u0131ca g\u00fc\u00e7l\u00fc bile\u015fenleri sayesinde<\/p>\n<p><strong>Kurulu\u011fu gidermeye,<\/strong><br \/>\n<strong>Nemlendirmeye,<\/strong><br \/>\n<strong>Yumu\u015fakl\u0131k sa\u011flamaya,<\/strong><br \/>\n<strong>Canl\u0131, parlak bir g\u00f6r\u00fcn\u00fcm kazand\u0131rarak hacim katmaya destek olurken,<\/strong><br \/>\n<strong>Y\u0131pranan sa\u00e7 tellerinizi beslemeye<\/strong> yard\u0131mc\u0131 olur.<\/p>\n<p><strong>Argan Ya\u011f\u0131: Sa\u00e7\u0131n\u0131za Derinlemesine Beslenme ve Parlakl\u0131k<\/strong><\/p>\n<p>Argan ya\u011f\u0131, &#8220;s\u0131v\u0131 alt\u0131n&#8221; olarak bilinir ve sa\u00e7 bak\u0131m\u0131n\u0131n vazge\u00e7ilmez bir bile\u015fenidir. Y\u00fcksek E vitamini, antioksidanlar ve esansiyel ya\u011f asitleriyle dolu olan argan ya\u011f\u0131, \u00f6zellikle i\u015flem g\u00f6rm\u00fc\u015f ve boyal\u0131 sa\u00e7lar i\u00e7in m\u00fckemmel bir besleyici kaynakt\u0131r. Argan ya\u011f\u0131n\u0131n cilde ve sa\u00e7a olan nemlendirici etkisi, sa\u00e7\u0131 derinlemesine beslemeye, kuruma ve k\u0131r\u0131lmay\u0131 \u00f6nlemeye, sa\u00e7\u0131n elastikiyetini artt\u0131rmaya, sa\u00e7\u0131n do\u011fal parlakl\u0131\u011f\u0131n\u0131 geri kazand\u0131rarak, mat ve cans\u0131z sa\u00e7lar\u0131 canland\u0131rmaya yard\u0131mc\u0131 olur.<\/p>\n<p><strong>Bilimsel Veri:<\/strong> Argan ya\u011f\u0131, sa\u00e7\u0131n k\u0131r\u0131lmas\u0131n\u0131 engellemeye ve sa\u00e7\u0131 g\u00fc\u00e7lendirmeye yard\u0131mc\u0131 olur. Bir \u00e7al\u0131\u015fma, argan ya\u011f\u0131n\u0131n sa\u00e7\u0131n p\u00fcr\u00fczs\u00fczl\u00fc\u011f\u00fcn\u00fc art\u0131rarak, nemi tutma kapasitesini geli\u015ftirdi\u011fini g\u00f6stermi\u015ftir. (Sahini et al., 2013).<\/p>\n<p><strong>Kolajen: Sa\u00e7\u0131n Yap\u0131sal G\u00fcc\u00fcn\u00fc Artt\u0131rmaya Yard\u0131mc\u0131 Olur<\/strong><\/p>\n<p>Kolajen, sa\u00e7\u0131n yap\u0131sal b\u00fct\u00fcnl\u00fc\u011f\u00fcn\u00fc g\u00fc\u00e7lendirmeye yard\u0131mc\u0131 olur. Ya\u015fla birlikte v\u00fccuttaki kolajen \u00fcretimi azal\u0131rken, bu bile\u015fen sa\u00e7\u0131 i\u00e7ten d\u0131\u015fa beslemeye ve g\u00fc\u00e7lendirmeye yard\u0131mc\u0131 olur. \u00a0Kolajen, sa\u00e7\u0131n k\u0131r\u0131lmas\u0131n\u0131 engellemeye, elastikiyetini artt\u0131rmaya ve sa\u00e7\u0131 daha sa\u011fl\u0131kl\u0131 hale getirmeye yard\u0131m eder. \u00d6zellikle boyal\u0131 ve i\u015flem g\u00f6rm\u00fc\u015f sa\u00e7lar, kolajenin sa\u011flad\u0131\u011f\u0131 yap\u0131 deste\u011fiyle daha g\u00fc\u00e7l\u00fc ve canl\u0131 hale gelebilir.<\/p>\n<p><strong>Bilimsel Veri:<\/strong> Kolajen, sa\u00e7\u0131 g\u00fc\u00e7lendirici ve onar\u0131c\u0131 etkisi ile bilinir. Kolajen takviyelerinin sa\u00e7 d\u00f6k\u00fclmesini azaltmada ve k\u0131r\u0131lmalar\u0131n\u0131 engellemede yard\u0131mc\u0131 oldu\u011fu bilinmektedir. (Matsumoto et al., 2016).<\/p>\n<p><strong>Aesculus Hippocastanum (At Kestanesi) Tohumu Ekstresi: Sa\u00e7 D\u00f6k\u00fclmesini Azaltmaya ve Kan Dola\u015f\u0131m\u0131n\u0131 Desteklemeye Yard\u0131mc\u0131 Olur<\/strong><\/p>\n<p>Atkestanesi ekstresi, anti-inflamatuar \u00f6zelliklere sahip olup, sa\u00e7 derisinin sa\u011fl\u0131\u011f\u0131n\u0131 destekler. \u00d6zellikle sa\u00e7 d\u00f6k\u00fclmesini azalt\u0131c\u0131 etkileriyle dikkat \u00e7eker. Sa\u00e7 k\u00f6klerine olan kan dola\u015f\u0131m\u0131n\u0131 art\u0131rarak, sa\u011fl\u0131kl\u0131 sa\u00e7 b\u00fcy\u00fcmesine yard\u0131m eder. Ayr\u0131ca, sa\u00e7\u0131 besleyerek g\u00fc\u00e7lendirir ve i\u015flem g\u00f6rm\u00fc\u015f sa\u00e7lar\u0131n yeniden yap\u0131lanmas\u0131na yard\u0131mc\u0131 olur.<\/p>\n<p><strong>Bilimsel Veri:<\/strong> Atkestanesi ekstrakt\u0131, sa\u00e7 d\u00f6k\u00fclmesini engellemeye yard\u0131mc\u0131 olabilir. Ara\u015ft\u0131rmalar, at kestanesinin kan dola\u015f\u0131m\u0131n\u0131 art\u0131rarak sa\u00e7 folik\u00fcllerini g\u00fc\u00e7lendirdi\u011fini ve sa\u00e7 b\u00fcy\u00fcmesini destekledi\u011fini g\u00f6stermi\u015ftir. (G\u00f6rg\u00fcn et al., 2018).<\/p>\n<p><strong>Equisetum Arvense (At Kuyru\u011fu) Ekstresi: Sa\u00e7\u0131n G\u00fcc\u00fcn\u00fc ve Elastikiyetini Artt\u0131rmaya Yard\u0131mc\u0131 Olur<\/strong><\/p>\n<p>Atkuyru\u011fu bitkisi, y\u00fcksek silika i\u00e7eri\u011fiyle bilinir. Silika, sa\u00e7\u0131n g\u00fc\u00e7lenmesine ve elastikiyetinin artmas\u0131na yard\u0131mc\u0131 olur. Bu bitki ekstrakt\u0131, sa\u00e7\u0131n daha g\u00fc\u00e7l\u00fc ve sa\u011fl\u0131kl\u0131 g\u00f6r\u00fcnmesini sa\u011flar, k\u0131r\u0131lmalar\u0131n\u0131 \u00f6nler ve sa\u00e7\u0131 daha hacimli hale getirir.<\/p>\n<p><strong>Bilimsel Veri:<\/strong> Equisetum Arvense, sa\u00e7\u0131n g\u00fc\u00e7lenmesini ve sa\u011fl\u0131kl\u0131 uzamas\u0131n\u0131 te\u015fvik eden do\u011fal bir bile\u015fendir. Silika i\u00e7eri\u011fi, sa\u00e7\u0131n yap\u0131s\u0131n\u0131 g\u00fc\u00e7lendirerek k\u0131r\u0131lmas\u0131n\u0131 \u00f6nler ve sa\u00e7\u0131n genel sa\u011fl\u0131\u011f\u0131n\u0131 iyile\u015ftirir (Miyazawa et al., 2006).<\/p>\n<p><strong>Chamomilla Recutita (Papatya) \u00c7i\u00e7e\u011fi Ekstresi: Cildi Yat\u0131\u015ft\u0131rma ve Sa\u00e7\u0131n Canl\u0131l\u0131\u011f\u0131n\u0131 Art\u0131rma Yard\u0131mc\u0131 Olur<\/strong><\/p>\n<p>Papatya \u00e7i\u00e7e\u011fi, yat\u0131\u015ft\u0131r\u0131c\u0131 ve anti-inflamatuar \u00f6zelliklere sahiptir. Bu \u00f6zellikleri sayesinde, sa\u00e7 derisini rahatlat\u0131r ve sa\u00e7\u0131n do\u011fal dengesini korur. Ayr\u0131ca, papatya, sa\u00e7\u0131n parlakl\u0131\u011f\u0131n\u0131 art\u0131rarak, sa\u011fl\u0131kl\u0131 bir g\u00f6r\u00fcn\u00fcm kazanmas\u0131na yard\u0131mc\u0131 olur.<\/p>\n<p><strong>Bilimsel Veri:<\/strong> Papatya, sa\u00e7 derisindeki iltihaplanmay\u0131 azalt\u0131r ve sa\u011fl\u0131kl\u0131 bir sa\u00e7 b\u00fcy\u00fcme ortam\u0131 yarat\u0131r. Ayr\u0131ca, sa\u00e7\u0131n parlakl\u0131\u011f\u0131n\u0131 art\u0131r\u0131c\u0131 etkisi oldu\u011fu bilinmektedir (K\u00fchn et al., 2006).<\/p>\n<p><strong>Keratin: Sa\u00e7\u0131n Yap\u0131sal G\u00fcc\u00fcn\u00fc Artt\u0131rmaya ve K\u0131r\u0131lmalar\u0131 \u00d6nlemeye Yard\u0131mc\u0131 Olur<\/strong><\/p>\n<p>Keratin, sa\u00e7\u0131n ana yap\u0131 ta\u015f\u0131d\u0131r ve sa\u00e7\u0131n g\u00fcc\u00fcn\u00fc ve esnekli\u011fini artt\u0131rmaya yard\u0131mc\u0131 olur. \u0130\u015flem g\u00f6rm\u00fc\u015f sa\u00e7lar genellikle keratin kaybeder, bu da k\u0131r\u0131lmalar\u0131na ve matla\u015fmalar\u0131na yol a\u00e7ar. Keratin, sa\u00e7\u0131 onarmaya, g\u00fc\u00e7lendirmeye ve sa\u00e7\u0131n do\u011fal parlakl\u0131\u011f\u0131n\u0131 geri kazand\u0131rmaya yard\u0131mc\u0131 olur. Ayr\u0131ca, sa\u00e7\u0131 d\u0131\u015f etkenlerden korumaya ve k\u0131r\u0131lmas\u0131n\u0131 engellemeye yard\u0131mc\u0131 olur.<\/p>\n<p><strong>Bilimsel Veri:<\/strong> Keratin, sa\u00e7\u0131n sa\u011fl\u0131kl\u0131 uzamas\u0131n\u0131 destekle ve d\u0131\u015f etmenlerden korur. Bir\u00e7ok \u00e7al\u0131\u015fma, keratin tedavisinin sa\u00e7\u0131 onard\u0131\u011f\u0131n\u0131 ve k\u0131r\u0131lmalar\u0131 engelledi\u011fini ortaya koymu\u015ftur.(Kesse et al..2015).<\/p>\n<p><strong>Sonu\u00e7: Neden Bu \u015eampuan\u0131 Tercih Etmelisiniz?<\/strong><\/p>\n<p>Boyal\u0131 ve i\u015flem g\u00f6rm\u00fc\u015f sa\u00e7lar, \u00f6zel bak\u0131m gerektirir. \u0130\u00e7eri\u011finde argan ya\u011f\u0131, kolajen, atkestanesi, atkuyru\u011fu, papatya ve keratin gibi do\u011fal bile\u015fenler bar\u0131nd\u0131ran bu \u015fampuan, sa\u00e7\u0131n\u0131za derinlemesine bak\u0131m yapmaya, k\u0131r\u0131lmalar\u0131 azaltmaya ve sa\u011fl\u0131kl\u0131 bir g\u00f6r\u00fcn\u00fcm sa\u011flamaya yard\u0131md\u0131r. Sa\u00e7\u0131n\u0131z\u0131 nemlendirmeye, beslemeye ve g\u00fc\u00e7lendirmeye, ayn\u0131 zamanda canl\u0131l\u0131k ve parlakl\u0131k kazand\u0131rmaya yard\u0131mc\u0131 olur. Do\u011fal i\u00e7erikler sayesinde sa\u00e7 derinizi de beslemeye ve d\u00f6k\u00fclmeleri engellemeye yard\u0131mc\u0131 olur.<\/p>\n<p><strong>H\u0131zla fark\u0131 hissedecek ve sa\u00e7\u0131n\u0131z\u0131n sa\u011fl\u0131kl\u0131, parlak ve g\u00fc\u00e7l\u00fc olmas\u0131n\u0131n keyfini \u00e7\u0131karacaks\u0131n\u0131z!<\/strong><\/p>\n<p><strong>#Sa\u00e7\u0131m\u0131Seviyorum<\/strong><\/p>\n<p>&nbsp;<\/p>\n<p><iframe title=\"Boyal\u0131 ve \u0130\u015flem G\u00f6rm\u00fc\u015f Sa\u00e7lar \u0130\u00e7in Bak\u0131m \u015eampuan\u0131 \u2013 330 Ml. \/ Do\u011fal \/ Unisex\" width=\"422\" height=\"750\" src=\"https:\/\/www.youtube.com\/embed\/3Uf5GPxW1-4?feature=oembed\" frameborder=\"0\" allow=\"accelerometer; autoplay; clipboard-write; encrypted-media; gyroscope; picture-in-picture; web-share\" referrerpolicy=\"strict-origin-when-cross-origin\" allowfullscreen><\/iframe><\/p>\n","protected":false},"excerpt":{"rendered":"<p>Boyal\u0131, i\u015flem g\u00f6rm\u00fc\u015f, y\u0131pranm\u0131\u015f ve incelerek zay\u0131flam\u0131\u015f sa\u00e7lar i\u00e7in \u00fcretti\u011fimiz do\u011fal \u015fampuan&#8230;<\/p>\n","protected":false},"featured_media":8771,"comment_status":"open","ping_status":"closed","template":"","meta":[],"product_brand":[],"product_cat":[75],"product_tag":[182,356,359,357,198,200,358],"class_list":{"0":"post-8770","1":"product","2":"type-product","3":"status-publish","4":"has-post-thumbnail","6":"product_cat-sac-bakimi","7":"product_tag-bakim","8":"product_tag-boyali","9":"product_tag-esmer","10":"product_tag-islemgormus","11":"product_tag-sac","12":"product_tag-sampuan","13":"product_tag-sarisin","15":"first","16":"instock","17":"shipping-taxable","18":"purchasable","19":"product-type-simple"},"aioseo_notices":[],"_links":{"self":[{"href":"https:\/\/www.acvit.com.tr\/magaza\/wp-json\/wp\/v2\/product\/8770","targetHints":{"allow":["GET"]}}],"collection":[{"href":"https:\/\/www.acvit.com.tr\/magaza\/wp-json\/wp\/v2\/product"}],"about":[{"href":"https:\/\/www.acvit.com.tr\/magaza\/wp-json\/wp\/v2\/types\/product"}],"replies":[{"embeddable":true,"href":"https:\/\/www.acvit.com.tr\/magaza\/wp-json\/wp\/v2\/comments?post=8770"}],"wp:featuredmedia":[{"embeddable":true,"href":"https:\/\/www.acvit.com.tr\/magaza\/wp-json\/wp\/v2\/media\/8771"}],"wp:attachment":[{"href":"https:\/\/www.acvit.com.tr\/magaza\/wp-json\/wp\/v2\/media?parent=8770"}],"wp:term":[{"taxonomy":"product_brand","embeddable":true,"href":"https:\/\/www.acvit.com.tr\/magaza\/wp-json\/wp\/v2\/product_brand?post=8770"},{"taxonomy":"product_cat","embeddable":true,"href":"https:\/\/www.acvit.com.tr\/magaza\/wp-json\/wp\/v2\/product_cat?post=8770"},{"taxonomy":"product_tag","embeddable":true,"href":"https:\/\/www.acvit.com.tr\/magaza\/wp-json\/wp\/v2\/product_tag?post=8770"}],"curies":[{"name":"wp","href":"https:\/\/api.w.org\/{rel}","templated":true}]}}