{"id":8497,"date":"2024-08-28T16:31:07","date_gmt":"2024-08-28T13:31:07","guid":{"rendered":"https:\/\/www.acvit.com.tr\/magaza\/?page_id=8497"},"modified":"2024-08-28T16:32:08","modified_gmt":"2024-08-28T13:32:08","slug":"pp-box-teknolojisi","status":"publish","type":"page","link":"https:\/\/www.acvit.com.tr\/magaza\/pp-box-teknolojisi\/","title":{"rendered":"PP-Box Teknolojisi"},"content":{"rendered":"\t\t<div data-elementor-type=\"wp-page\" data-elementor-id=\"8497\" class=\"elementor elementor-8497\">\n\t\t\t\t<div class=\"elementor-element elementor-element-4533608 e-grid e-con-boxed e-con e-parent\" data-id=\"4533608\" data-element_type=\"container\">\n\t\t\t\t\t<div class=\"e-con-inner\">\n\t\t\t\t<div class=\"elementor-element elementor-element-985f0dc elementor-widget elementor-widget-text-editor\" data-id=\"985f0dc\" data-element_type=\"widget\" data-widget_type=\"text-editor.default\">\n\t\t\t\t<div class=\"elementor-widget-container\">\n\t\t\t\t\t\t\t\t\t<p><strong>PP-BOX TEKNOLOJ\u0130S\u0130 NED\u0130R?<\/strong><\/p><p>PP \u2013 Protein, Peptit ve Vitamin deposudur.<br \/>Genel olarak 29 bitki \u00f6z\u00fcn\u00fcn kar\u0131\u015f\u0131m\u0131d\u0131r.<br \/>T\u00fcrk ve Uzak Do\u011fulu Bilim Adamlar\u0131n\u0131n Acvit Kozmetik i\u00e7in \u00f6zel ortaya koydu\u011fu teknolojidir.<br \/>V\u00fccudun yap\u0131sal ve dokusal deformasyonlar\u0131 onaran teknolojisinin ad\u0131d\u0131r.<br \/>Genel olarak v\u00fccudun p\u00fcr\u00fczs\u00fczle\u015fmesine, yenilenmesine, d\u0131\u015f etkenlere kar\u015f\u0131 korunmas\u0131na, h\u00fccrelerin yenilenmesine, cildin canlanmas\u0131na, v\u00fccudun yap\u0131s\u0131n\u0131n korunmas\u0131n\u0131 sa\u011flayan teknolojisinin ad\u0131d\u0131r.<\/p><p><strong>PROTE\u0130NLER<\/strong>:<\/p><p>S\u00fct Proteini: Cildin k\u0131r\u0131\u015fmas\u0131n\u0131 \u00f6nler. Ya\u015flanman\u0131n etkilerini geciktir. Cildin yenilenmesini, daha uzun s\u00fcre gergin kalmas\u0131n\u0131 ve nemlili\u011fini korumas\u0131n\u0131 sa\u011flar<br \/>Elastin: Cilt \u00e7atlaklar\u0131n\u0131 \u00f6nler, cildi gerginle\u015ftirir, cilt sarkmalar\u0131n\u0131 \u00f6nler<br \/>Soya Proteini: Cildi canland\u0131r\u0131r, leke olu\u015fmas\u0131n\u0131 \u00f6nler.<br \/>Omega-3:Cildi nemli tutarak kuruman\u0131n olumsuz etkilerine ve g\u00fcne\u015f \u0131\u015f\u0131nlar\u0131na kar\u015f\u0131 korur -.<br \/>Kollajen: Cildin elastikiyetini korur, selil\u00fct olu\u015fmas\u0131n\u0131 \u00f6nler, cild sarkmalar\u0131n\u0131 \u00f6nler<br \/>Lipoprotein: Y\u00fcz ve ciltte anti aging ve anti selil\u00fct etkisinde etkilidir.<\/p><p><strong>PEPT\u0130TLER<\/strong><\/p><p>Y\u00fcz ve ciltte anti aging etkisi olu\u015fturur, ya\u015flanma belirtilerini \u00f6nler, cildin forma girmesini sa\u011flar.<\/p><p><strong>Vitaminler:<\/strong><\/p><p>Vitamin A: Cilt h\u00fccrelerinin yenilenmesi ve ve cilt dokusunun korunmas\u0131na yard\u0131mc\u0131 olur<br \/>Vitamin B: Akne olu\u015fumunu \u00f6nler ve kollajen \u00fcretimini artt\u0131r\u0131r.<br \/>Vitamin B7: Cildi parlat\u0131r<br \/>Vitamin B3: Cildin nemini korumas\u0131na yard\u0131mc\u0131 olur. Bu da cildin dolgun ve daha gen\u00e7 g\u00f6r\u00fcnmesini sa\u011flar. Vitamin B3 ayr\u0131ca kuru ve tahri\u015f olmu\u015f ciltlere de faydal\u0131d\u0131r.<br \/>Vitamin C: G\u00fcne\u015fin zararl\u0131 etkilerine kar\u015f\u0131 g\u00fc\u00e7l\u00fc bir antioksidand\u0131r.<br \/>Vitamin E: Cildi Koruyan g\u00fc\u00e7l\u00fc bir antioksidand\u0131r. Cildi besler, nemlendirir.<br \/>Vitamin F: Cilt y\u00fczeyini yenileme de etkilidir.<\/p>\t\t\t\t\t\t\t\t<\/div>\n\t\t\t\t<\/div>\n\t\t\t\t\t<\/div>\n\t\t\t\t<\/div>\n\t\t\t\t<\/div>\n\t\t","protected":false},"excerpt":{"rendered":"<p>PP-BOX TEKNOLOJ\u0130S\u0130 NED\u0130R? PP \u2013 Protein, Peptit ve Vitamin deposudur.Genel olarak 29 bitki \u00f6z\u00fcn\u00fcn kar\u0131\u015f\u0131m\u0131d\u0131r.T\u00fcrk ve Uzak Do\u011fulu Bilim Adamlar\u0131n\u0131n Acvit Kozmetik i\u00e7in \u00f6zel ortaya koydu\u011fu teknolojidir.V\u00fccudun yap\u0131sal ve dokusal deformasyonlar\u0131 onaran teknolojisinin ad\u0131d\u0131r.Genel olarak v\u00fccudun p\u00fcr\u00fczs\u00fczle\u015fmesine, yenilenmesine, d\u0131\u015f etkenlere kar\u015f\u0131 korunmas\u0131na, h\u00fccrelerin yenilenmesine, cildin canlanmas\u0131na, v\u00fccudun yap\u0131s\u0131n\u0131n korunmas\u0131n\u0131 sa\u011flayan teknolojisinin ad\u0131d\u0131r. PROTE\u0130NLER: S\u00fct Proteini: [&hellip;]<\/p>\n","protected":false},"author":1,"featured_media":0,"parent":0,"menu_order":0,"comment_status":"closed","ping_status":"closed","template":"","meta":{"footnotes":""},"class_list":["post-8497","page","type-page","status-publish","hentry"],"aioseo_notices":[],"_links":{"self":[{"href":"https:\/\/www.acvit.com.tr\/magaza\/wp-json\/wp\/v2\/pages\/8497","targetHints":{"allow":["GET"]}}],"collection":[{"href":"https:\/\/www.acvit.com.tr\/magaza\/wp-json\/wp\/v2\/pages"}],"about":[{"href":"https:\/\/www.acvit.com.tr\/magaza\/wp-json\/wp\/v2\/types\/page"}],"author":[{"embeddable":true,"href":"https:\/\/www.acvit.com.tr\/magaza\/wp-json\/wp\/v2\/users\/1"}],"replies":[{"embeddable":true,"href":"https:\/\/www.acvit.com.tr\/magaza\/wp-json\/wp\/v2\/comments?post=8497"}],"version-history":[{"count":5,"href":"https:\/\/www.acvit.com.tr\/magaza\/wp-json\/wp\/v2\/pages\/8497\/revisions"}],"predecessor-version":[{"id":9541,"href":"https:\/\/www.acvit.com.tr\/magaza\/wp-json\/wp\/v2\/pages\/8497\/revisions\/9541"}],"wp:attachment":[{"href":"https:\/\/www.acvit.com.tr\/magaza\/wp-json\/wp\/v2\/media?parent=8497"}],"curies":[{"name":"wp","href":"https:\/\/api.w.org\/{rel}","templated":true}]}}