{"id":8484,"date":"2024-08-28T16:23:10","date_gmt":"2024-08-28T13:23:10","guid":{"rendered":"https:\/\/www.acvit.com.tr\/magaza\/?page_id=8484"},"modified":"2024-08-28T16:24:17","modified_gmt":"2024-08-28T13:24:17","slug":"ticari-elektronik-ileti-onayi-formu","status":"publish","type":"page","link":"https:\/\/www.acvit.com.tr\/magaza\/ticari-elektronik-ileti-onayi-formu\/","title":{"rendered":"Ticari Elektronik \u0130leti Onay\u0131 Formu"},"content":{"rendered":"\t\t<div data-elementor-type=\"wp-page\" data-elementor-id=\"8484\" class=\"elementor elementor-8484\">\n\t\t\t\t<div class=\"elementor-element elementor-element-26bde78 e-grid e-con-boxed e-con e-parent\" data-id=\"26bde78\" data-element_type=\"container\">\n\t\t\t\t\t<div class=\"e-con-inner\">\n\t\t\t\t<div class=\"elementor-element elementor-element-0b43da2 elementor-widget elementor-widget-text-editor\" data-id=\"0b43da2\" data-element_type=\"widget\" data-widget_type=\"text-editor.default\">\n\t\t\t\t<div class=\"elementor-widget-container\">\n\t\t\t\t\t\t\t\t\t<p><span style=\"text-align: var(--text-align); background-color: var(--ts-main-bg); color: var(--ts-text-color); font-family: var(--ts-pr-font-family); font-size: var(--ts-body-font-size); font-style: var(--ts-pr-font-style); font-weight: var(--ts-pr-font-weight); letter-spacing: var(--ts-pr-letter-spacing);\"><strong>https:\/\/www.acvit.com.tr<\/strong> adresinde bulunan Ayd\u0131nlatma Metni kapsam\u0131nda, sitenize \u00fcyelik\/al\u0131\u015fveri\u015f i\u015flemleri s\u0131ras\u0131nda verdi\u011fim ve verece\u011fim ileti\u015fim adreslerime (cep telefonu, mail adresim ve di\u011ferlerine) gerek her t\u00fcrl\u00fc \u00fcyelik\/al\u0131\u015fveri\u015f i\u015flemleri ve uygulamalar\u0131 ile s\u00f6zle\u015fmesel ve kanuni hususlardan bilgilendirilmem, gerek \u00e7e\u015fitli \u00fcr\u00fcn-hizmetlerin ve genel\/\u00f6zel imkanlar\u0131n duyurulmas\u0131, tan\u0131t\u0131m ve reklam\u0131n\u0131n yap\u0131lmas\u0131 i\u00e7in, taraf\u0131ma y\u00f6nelik yap\u0131lacak yeni \u00fcr\u00fcn, yeni hizmet, \u00f6zel teklif ve kampanyalar\u0131n pazarlama ileti\u015fimi faaliyetleri ile ayr\u0131ca anket uygulamalar\u0131 da dahil olmak \u00fczere her t\u00fcrl\u00fc ticari elektronik iletinin g\u00f6nderiminde kullan\u0131lmas\u0131n\u0131 ve bu kapsamda ticari elektronik ileti g\u00f6nderimini kabul ediyorum.<\/span><\/p>\t\t\t\t\t\t\t\t<\/div>\n\t\t\t\t<\/div>\n\t\t\t\t\t<\/div>\n\t\t\t\t<\/div>\n\t\t\t\t<\/div>\n\t\t","protected":false},"excerpt":{"rendered":"<p>https:\/\/www.acvit.com.tr adresinde bulunan Ayd\u0131nlatma Metni kapsam\u0131nda, sitenize \u00fcyelik\/al\u0131\u015fveri\u015f i\u015flemleri s\u0131ras\u0131nda verdi\u011fim ve verece\u011fim ileti\u015fim adreslerime (cep telefonu, mail adresim ve di\u011ferlerine) gerek her t\u00fcrl\u00fc \u00fcyelik\/al\u0131\u015fveri\u015f i\u015flemleri ve uygulamalar\u0131 ile s\u00f6zle\u015fmesel ve kanuni hususlardan bilgilendirilmem, gerek \u00e7e\u015fitli \u00fcr\u00fcn-hizmetlerin ve genel\/\u00f6zel imkanlar\u0131n duyurulmas\u0131, tan\u0131t\u0131m ve reklam\u0131n\u0131n yap\u0131lmas\u0131 i\u00e7in, taraf\u0131ma y\u00f6nelik yap\u0131lacak yeni \u00fcr\u00fcn, yeni hizmet, \u00f6zel teklif [&hellip;]<\/p>\n","protected":false},"author":1,"featured_media":0,"parent":0,"menu_order":0,"comment_status":"closed","ping_status":"closed","template":"","meta":{"footnotes":""},"class_list":["post-8484","page","type-page","status-publish","hentry"],"aioseo_notices":[],"_links":{"self":[{"href":"https:\/\/www.acvit.com.tr\/magaza\/wp-json\/wp\/v2\/pages\/8484","targetHints":{"allow":["GET"]}}],"collection":[{"href":"https:\/\/www.acvit.com.tr\/magaza\/wp-json\/wp\/v2\/pages"}],"about":[{"href":"https:\/\/www.acvit.com.tr\/magaza\/wp-json\/wp\/v2\/types\/page"}],"author":[{"embeddable":true,"href":"https:\/\/www.acvit.com.tr\/magaza\/wp-json\/wp\/v2\/users\/1"}],"replies":[{"embeddable":true,"href":"https:\/\/www.acvit.com.tr\/magaza\/wp-json\/wp\/v2\/comments?post=8484"}],"version-history":[{"count":5,"href":"https:\/\/www.acvit.com.tr\/magaza\/wp-json\/wp\/v2\/pages\/8484\/revisions"}],"predecessor-version":[{"id":8489,"href":"https:\/\/www.acvit.com.tr\/magaza\/wp-json\/wp\/v2\/pages\/8484\/revisions\/8489"}],"wp:attachment":[{"href":"https:\/\/www.acvit.com.tr\/magaza\/wp-json\/wp\/v2\/media?parent=8484"}],"curies":[{"name":"wp","href":"https:\/\/api.w.org\/{rel}","templated":true}]}}