{"id":8433,"date":"2024-08-28T15:19:31","date_gmt":"2024-08-28T12:19:31","guid":{"rendered":"https:\/\/www.acvit.com.tr\/magaza\/?page_id=8433"},"modified":"2024-08-28T16:02:35","modified_gmt":"2024-08-28T13:02:35","slug":"kargo-ve-teslimat-politikasi","status":"publish","type":"page","link":"https:\/\/www.acvit.com.tr\/magaza\/kargo-ve-teslimat-politikasi\/","title":{"rendered":"Kargo ve Teslimat Politikas\u0131"},"content":{"rendered":"\t\t<div data-elementor-type=\"wp-page\" data-elementor-id=\"8433\" class=\"elementor elementor-8433\">\n\t\t\t\t<div class=\"elementor-element elementor-element-8e2695c e-grid e-con-boxed e-con e-parent\" data-id=\"8e2695c\" data-element_type=\"container\">\n\t\t\t\t\t<div class=\"e-con-inner\">\n\t\t\t\t<div class=\"elementor-element elementor-element-e0786c4 elementor-widget elementor-widget-text-editor\" data-id=\"e0786c4\" data-element_type=\"widget\" data-widget_type=\"text-editor.default\">\n\t\t\t\t<div class=\"elementor-widget-container\">\n\t\t\t\t\t\t\t\t\t<p>\u0130\u015fbu Politika, \u015eifal\u0131 Bitkisel \u00dcr\u00fcnler ve Kozmetik San.Tic. Ltd. \u015eti \u2019ne (\u201cAcvit\u201d) ait https:\/\/www.acvit.com.tr (\u201cSite\u201d) \u00fczerinden sipari\u015f edilen \u00fcr\u00fcnlerin sevkiyat ve teslimat\u0131na ili\u015fkin olarak Site ziyaret\u00e7ilerini ve sipari\u015f veren m\u00fc\u015fterileri (\u201cAl\u0131c\u0131\u201d) bilgilendirmek \u00fczere haz\u0131rlanm\u0131\u015ft\u0131r.<\/p><p>Kural olarak Acvit, \u00fcr\u00fcn\u00fcn sa\u011flam, eksiksiz, sipari\u015fte belirtilen niteliklere uygun olarak tesliminden sorumludur. Bununla beraber Al\u0131c\u0131 taraf\u0131ndan sipari\u015f edilen ve \u00f6demesi tamamlanan \u00fcr\u00fcnlerin teslimat\u0131na ili\u015fkin olarak; Acvit ile Al\u0131c\u0131 aras\u0131nda imzalanan Mesafeli Sat\u0131\u015f S\u00f6zle\u015fmesi\u2019nde (\u201cS\u00f6zle\u015fme\u201d) yer alan ilgili h\u00fck\u00fcmler ge\u00e7erlili\u011fini korumaktad\u0131r.<\/p><p><strong>Teslimat S\u00fcresi<\/strong><\/p><p>Sipari\u015fin onayland\u0131\u011f\u0131na ili\u015fkin e-postan\u0131n Al\u0131c\u0131\u2019ya g\u00f6nderilmesinin ard\u0131ndan en k\u0131sa s\u00fcre i\u00e7inde \u00fcr\u00fcn, kargo \u015firketine verilir.<\/p><p>\u00dcr\u00fcn\u00fcn teslimat\u0131; Acvit\u2019nin stokunun m\u00fcsait olmas\u0131 halinde ve \u00f6demenin ger\u00e7ekle\u015fmesinden sonra, \u00fcr\u00fcn\u00fcn tesliminin yerine getirilmesinin imk\u00e2ns\u0131zla\u015ft\u0131\u011f\u0131 haller sakl\u0131 kalmak kayd\u0131yla, Al\u0131c\u0131 taraf\u0131ndan sipari\u015fin verildi\u011fi\/verilen sipari\u015fin onayland\u0131\u011f\u0131 tarihten itibaren 7 i\u015f g\u00fcn\u00fc i\u00e7erisinde yap\u0131l\u0131r.<\/p><p><strong>Al\u0131c\u0131\u2019dan Farkl\u0131 Ki\u015fiye\/Adrese Teslim<\/strong><\/p><p>Al\u0131c\u0131, sipari\u015f s\u0131ras\u0131nda \u00fcr\u00fcn\u00fcn kendisinden farkl\u0131 bir ki\u015fi\/kurulu\u015fa teslim edilmesini talep edebilir. Bununla birlikte sipari\u015flerinizi soyad\u0131 tutarl\u0131l\u0131\u011f\u0131 olan birinci dereceden yak\u0131n\u0131n\u0131z da kimlik ibraz ederek teslim alabilir. Teslimat adresinde paketinizi teslim alan ki\u015finin imzas\u0131 istenmektedir.<\/p><p>S\u00f6zle\u015fme konusu \u00fcr\u00fcn, Al\u0131c\u0131\u2019dan ba\u015fka bir ki\u015fi\/kurulu\u015fa teslim edilecek ise, teslim edilecek ki\u015fi\/kurulu\u015fun yerinde olmamas\u0131ndan, teslimat\u0131 kabul etmemesinden; Al\u0131c\u0131 taraf\u0131ndan sa\u011flanan teslimat bilgilerindeki yanl\u0131\u015fl\u0131k ve\/veya eksiklikten do\u011fabilecek zarar ve masraflardan (\u00f6rne\u011fin ekstra kargo bedellerinden) Acvit sorumlu tutulamaz.<\/p><p>Al\u0131c\u0131 taraf\u0131ndan belirtilen fatura adresinin, teslimat adresinden farkl\u0131 olmas\u0131 halinde Al\u0131c\u0131; faturan\u0131n ilgili adrese teslimi i\u00e7in ek bir kargo \u00fccreti \u00f6demeyi kabul, beyan ve taahh\u00fct eder.<\/p><p><strong>Teslimat S\u0131ras\u0131nda Olu\u015fabilecek Sorunlar<\/strong><\/p><p>Kargo firmas\u0131n\u0131n \u00fcr\u00fcn\u00fc Al\u0131c\u0131\u2019ya teslimi a\u015famas\u0131nda kar\u015f\u0131la\u015faca\u011f\u0131 her t\u00fcrl\u00fc sorun nedeniyle sipari\u015fi verilen \u00fcr\u00fcn\u00fcn Al\u0131c\u0131\u2019ya ya da yetkilendirdi\u011fi ki\u015fi\/kurulu\u015fa teslim edilememesinden dolay\u0131 kural olarak Acvit sorumlu tutulamaz.<\/p><p>Bununla birlikte Al\u0131c\u0131\u2019n\u0131n teslim s\u0131ras\u0131nda paketin ve\/veya i\u00e7indeki \u00fcr\u00fcn\u00fcn zarar g\u00f6rd\u00fc\u011f\u00fcn\u00fc (y\u0131rt\u0131lma, patlak, ezilme, \u0131slanma vb. oldu\u011funu) d\u00fc\u015f\u00fcnmesi halinde;<\/p><p>Zarar g\u00f6rm\u00fc\u015f paketleri teslim almayarak kargo \u015firketi g\u00f6revlisine buna ili\u015fkin tutanak tutturma (Durum Tespit Tutana\u011f\u0131 ya da Hasar Tespit Tutana\u011f\u0131) ve iade hakk\u0131 vard\u0131r.<\/p><p>E\u011fer kargo \u015firketi g\u00f6revlisi paketin veya i\u00e7indeki \u00fcr\u00fcn\u00fcn hasarl\u0131 olmad\u0131\u011f\u0131 g\u00f6r\u00fc\u015f\u00fcnde ise, Al\u0131c\u0131\u2019n\u0131n paketi teslim an\u0131nda ve kargo yetkilisinin yan\u0131nda a\u00e7arak \u00fcr\u00fcnlerin teslim edildi\u011fi halini bizzat kontrol etme, kargo g\u00f6revlisine ettirme ve durumu bir tutanakla tespit etme hakk\u0131 vard\u0131r.<\/p><p>Tutanaklar\u0131n bir n\u00fcshas\u0131 Al\u0131c\u0131\u2019da kalacak di\u011fer n\u00fcshas\u0131 da kargo \u015firketi g\u00f6revlisine teslim edilecek \u015fekilde iki n\u00fcsha olarak d\u00fczenlenmesi gerekmektedir.<\/p><p>Al\u0131c\u0131\u2019n\u0131n paketi kabul etmemesi ve tutanak tutmas\u0131 halinde, bu durumun tutana\u011f\u0131n Al\u0131c\u0131\u2019da kalan kopyas\u0131yla birlikte derhal ve en ge\u00e7 1 (bir) i\u015f g\u00fcn\u00fc i\u00e7erisinde info@acvit.com.tr adresine e-posta ile Acvit\u2019e bildirilmesi gerekmektedir.<\/p><p>Bu i\u015flemlerin ger\u00e7ekle\u015ftirilmesi halinde Acvit, paketle ilgili \u00e7al\u0131\u015fmalara ba\u015flayarak, en k\u0131sa zamanda teslimat\u0131n tekrarlanmas\u0131n\u0131 sa\u011flayacakt\u0131r.<\/p><p>Ayr\u0131ca \u00fcr\u00fcn\u00fc teslim alacak ki\u015finin, \u00fcr\u00fcnde teslimattan kaynaklanan bir sorun\/hata oldu\u011funu d\u00fc\u015f\u00fcnmesi ve fakat hakl\u0131 bir nedenle yukar\u0131da belirtildi\u011fi gibi \u015fekilde tutanak tutamamas\u0131\/tutturmamas\u0131 halinde, derhal ve en ge\u00e7 \u00fcr\u00fcn\u00fc teslim ald\u0131\u011f\u0131 g\u00fcn; \u00fcr\u00fcn\u00fcn ve \u00fcr\u00fcn\u00fcn i\u00e7inde geldi\u011fi paketinin bir foto\u011fraf\u0131n\u0131 \u00e7ekerek bunlar\u0131 info@acvit.com.tr adresine e-posta olarak g\u00f6ndermesi gerekmektedir. Bu halde Acvit, 3 (\u00fc\u00e7) i\u015f g\u00fcn\u00fc i\u00e7inde Al\u0131c\u0131 ile teslimat ve iade s\u00fcrecine ili\u015fkin ileti\u015fime ge\u00e7ecektir.<\/p><p>Paketin Al\u0131c\u0131 taraf\u0131ndan herhangi bir itiraz olmaks\u0131z\u0131n; paket ve\/veya i\u00e7eri\u011findeki \u00fcr\u00fcn\u00fcn eksik, kusurlu veya belirtilenden farkl\u0131 bir durumda teslim edildi\u011fine ili\u015fkin herhangi bir tutanak tutulmaks\u0131z\u0131n veya ba\u015fkaca \u015fekilde bu durum delillendirilmeksizin teslim al\u0131nmas\u0131yla birlikte kargo \u015firketinin g\u00f6revini tam olarak yapt\u0131\u011f\u0131; Acvit\u2019nin teslim y\u00fck\u00fcml\u00fcl\u00fc\u011f\u00fcn\u00fc yerine getirdi\u011fi kabul edilir.<\/p><p><strong>Acvit\u2019nin Teslim Y\u00fck\u00fcml\u00fcl\u00fc\u011f\u00fcn\u00fcn Sona Ermesi<\/strong><\/p><p>Sipari\u015f edilen \u00fcr\u00fcn\u00fcn, Al\u0131c\u0131\u2019ya ya da Al\u0131c\u0131\u2019n\u0131n S\u00f6zle\u015fmede teslimini talep etmi\u015f oldu\u011fu adresteki yetkili ki\u015fi\/kurulu\u015fa teslim edilmekle Acvit\u2019nin teslim y\u00fck\u00fcml\u00fcl\u00fc\u011f\u00fc sona erer.<\/p><p>Herhangi bir nedenle Al\u0131c\u0131 taraf\u0131ndan \u00fcr\u00fcn bedeli \u00f6denmez veya yap\u0131lan \u00f6deme banka taraf\u0131ndan iptal edilir ise, Acvit teslim y\u00fck\u00fcml\u00fcl\u00fc\u011f\u00fcnden kurtulmu\u015f kabul edilir.<\/p><p>Bununla beraber yukar\u0131da \u201cTeslimat S\u0131ras\u0131nda Olu\u015fabilecek Sorunlar\u201d ba\u015fl\u0131\u011f\u0131ndaki hallerde Al\u0131c\u0131 ve Acvit\u2019nin y\u00fck\u00fcml\u00fcl\u00fckleri a\u00e7\u0131k\u00e7a ifade edilmi\u015f olup; bu durumda Al\u0131c\u0131 ve Acvit\u2019nin birbirlerinden ve kargo \u015firketinden her t\u00fcrl\u00fc talep haklar\u0131 sakl\u0131d\u0131r.<\/p><p><strong>Teslimat Masraflar\u0131<\/strong><\/p><p>Kargo \u00fccreti kural olarak Al\u0131c\u0131 taraf\u0131ndan \u00f6denecek olup sipari\u015f toplam tutar\u0131na eklenmektedir. \u015eu kadar ki Acvit, sat\u0131\u015f an\u0131nda y\u00fcr\u00fctt\u00fc\u011f\u00fc ve\/veya Site\u2019de \u015fartlar\u0131n\u0131 ilan etti\u011fi kampanyalar\u0131n sonucuna ba\u011fl\u0131 olarak s\u00f6z konusu kargo \u00fccretinin tamam\u0131n\u0131 ya da kampanyayla belirlenen bir k\u0131sm\u0131n\u0131 ALICI\u2019ya yans\u0131tmayabilir. Ek olarak, Al\u0131c\u0131 taraf\u0131ndan cayma hakk\u0131 kullan\u0131larak iade edilen \u00fcr\u00fcnler i\u00e7in, kargo \u00fccreti Al\u0131c\u0131\u2019ya yans\u0131t\u0131labilir.<\/p><p>Kural olarak Acvit, \u00fcr\u00fcn\u00fcn sa\u011flam, eksiksiz, sipari\u015fte belirtilen niteliklere uygun olarak tesliminden sorumludur. Bununla beraber Al\u0131c\u0131 taraf\u0131ndan sipari\u015f edilen ve \u00f6demesi tamamlanan \u00fcr\u00fcnlerin teslimat\u0131na ili\u015fkin olarak; Acvit ile Al\u0131c\u0131 aras\u0131nda imzalanan Mesafeli Sat\u0131\u015f S\u00f6zle\u015fmesi\u2019nde (\u201cS\u00f6zle\u015fme\u201d) yer alan ilgili h\u00fck\u00fcmler ge\u00e7erlili\u011fini korumaktad\u0131r.<\/p>\t\t\t\t\t\t\t\t<\/div>\n\t\t\t\t<\/div>\n\t\t\t\t\t<\/div>\n\t\t\t\t<\/div>\n\t\t\t\t<\/div>\n\t\t","protected":false},"excerpt":{"rendered":"<p>\u0130\u015fbu Politika, \u015eifal\u0131 Bitkisel \u00dcr\u00fcnler ve Kozmetik San.Tic. Ltd. \u015eti \u2019ne (\u201cAcvit\u201d) ait https:\/\/www.acvit.com.tr (\u201cSite\u201d) \u00fczerinden sipari\u015f edilen \u00fcr\u00fcnlerin sevkiyat ve teslimat\u0131na ili\u015fkin olarak Site ziyaret\u00e7ilerini ve sipari\u015f veren m\u00fc\u015fterileri (\u201cAl\u0131c\u0131\u201d) bilgilendirmek \u00fczere haz\u0131rlanm\u0131\u015ft\u0131r. Kural olarak Acvit, \u00fcr\u00fcn\u00fcn sa\u011flam, eksiksiz, sipari\u015fte belirtilen niteliklere uygun olarak tesliminden sorumludur. Bununla beraber Al\u0131c\u0131 taraf\u0131ndan sipari\u015f edilen ve \u00f6demesi [&hellip;]<\/p>\n","protected":false},"author":1,"featured_media":0,"parent":0,"menu_order":0,"comment_status":"closed","ping_status":"closed","template":"","meta":{"footnotes":""},"class_list":["post-8433","page","type-page","status-publish","hentry"],"aioseo_notices":[],"_links":{"self":[{"href":"https:\/\/www.acvit.com.tr\/magaza\/wp-json\/wp\/v2\/pages\/8433","targetHints":{"allow":["GET"]}}],"collection":[{"href":"https:\/\/www.acvit.com.tr\/magaza\/wp-json\/wp\/v2\/pages"}],"about":[{"href":"https:\/\/www.acvit.com.tr\/magaza\/wp-json\/wp\/v2\/types\/page"}],"author":[{"embeddable":true,"href":"https:\/\/www.acvit.com.tr\/magaza\/wp-json\/wp\/v2\/users\/1"}],"replies":[{"embeddable":true,"href":"https:\/\/www.acvit.com.tr\/magaza\/wp-json\/wp\/v2\/comments?post=8433"}],"version-history":[{"count":10,"href":"https:\/\/www.acvit.com.tr\/magaza\/wp-json\/wp\/v2\/pages\/8433\/revisions"}],"predecessor-version":[{"id":8461,"href":"https:\/\/www.acvit.com.tr\/magaza\/wp-json\/wp\/v2\/pages\/8433\/revisions\/8461"}],"wp:attachment":[{"href":"https:\/\/www.acvit.com.tr\/magaza\/wp-json\/wp\/v2\/media?parent=8433"}],"curies":[{"name":"wp","href":"https:\/\/api.w.org\/{rel}","templated":true}]}}