{"id":8373,"date":"2024-08-28T11:09:46","date_gmt":"2024-08-28T08:09:46","guid":{"rendered":"https:\/\/www.acvit.com.tr\/magaza\/?page_id=8373"},"modified":"2024-08-28T11:11:47","modified_gmt":"2024-08-28T08:11:47","slug":"yasal-bilgi","status":"publish","type":"page","link":"https:\/\/www.acvit.com.tr\/magaza\/yasal-bilgi\/","title":{"rendered":"Yasal Bilgi"},"content":{"rendered":"\t\t<div data-elementor-type=\"wp-page\" data-elementor-id=\"8373\" class=\"elementor elementor-8373\">\n\t\t\t\t<div class=\"elementor-element elementor-element-753dd90 e-grid e-con-boxed e-con e-parent\" data-id=\"753dd90\" data-element_type=\"container\">\n\t\t\t\t\t<div class=\"e-con-inner\">\n\t\t\t\t<div class=\"elementor-element elementor-element-fc6054b elementor-widget elementor-widget-text-editor\" data-id=\"fc6054b\" data-element_type=\"widget\" data-widget_type=\"text-editor.default\">\n\t\t\t\t<div class=\"elementor-widget-container\">\n\t\t\t\t\t\t\t\t\t<p><strong>Unvan:<\/strong> \u015eifal\u0131 Bitkisel \u00dcr\u00fcnler ve Kozmetik San.Tic. Ltd. \u015eti<br><strong>Adres:<\/strong> P\u0131nartepe Mah. Yavuz Sultan Selim Bulvar\u0131 No:6 Beyaz Plaza D:11 Beykent B\u00fcy\u00fck\u00e7ekmece \/ \u0130stanbul<br><strong>Tel:<\/strong> 0(212) 540 55 44 (pbx)<br><strong>E-Mail:<\/strong> info@acvit.com.tr<br><strong>Ticari Tescil \/ Tescil No:<\/strong> 848752<br><strong>Ticari Sicil Memurlu\u011fu:<\/strong> \u0130stanbul Ticaret Sicil M\u00fcd\u00fcrl\u00fc\u011f\u00fc<br><strong>Vergi Dairesi \/ Vergi No:<\/strong> B\u00fcy\u00fck\u00e7ekmece V.D \/ 8110514272<br><strong>Mersis:<\/strong> 4288651193361412<br><strong>Kimya M\u00fchendisi:<\/strong> Davut \u015eent\u00fcrk \u2013 Diploma No. 709<\/p>\t\t\t\t\t\t\t\t<\/div>\n\t\t\t\t<\/div>\n\t\t\t\t\t<\/div>\n\t\t\t\t<\/div>\n\t\t\t\t<\/div>\n\t\t","protected":false},"excerpt":{"rendered":"<p>Unvan: \u015eifal\u0131 Bitkisel \u00dcr\u00fcnler ve Kozmetik San.Tic. Ltd. \u015etiAdres: P\u0131nartepe Mah. Yavuz Sultan Selim Bulvar\u0131 No:6 Beyaz Plaza D:11 Beykent B\u00fcy\u00fck\u00e7ekmece \/ \u0130stanbulTel: 0(212) 540 55 44 (pbx)E-Mail: info@acvit.com.trTicari Tescil \/ Tescil No: 848752Ticari Sicil Memurlu\u011fu: \u0130stanbul Ticaret Sicil M\u00fcd\u00fcrl\u00fc\u011f\u00fcVergi Dairesi \/ Vergi No: B\u00fcy\u00fck\u00e7ekmece V.D \/ 8110514272Mersis: 4288651193361412Kimya M\u00fchendisi: Davut \u015eent\u00fcrk \u2013 Diploma No. [&hellip;]<\/p>\n","protected":false},"author":1,"featured_media":0,"parent":0,"menu_order":0,"comment_status":"closed","ping_status":"closed","template":"","meta":{"footnotes":""},"class_list":["post-8373","page","type-page","status-publish","hentry"],"aioseo_notices":[],"_links":{"self":[{"href":"https:\/\/www.acvit.com.tr\/magaza\/wp-json\/wp\/v2\/pages\/8373","targetHints":{"allow":["GET"]}}],"collection":[{"href":"https:\/\/www.acvit.com.tr\/magaza\/wp-json\/wp\/v2\/pages"}],"about":[{"href":"https:\/\/www.acvit.com.tr\/magaza\/wp-json\/wp\/v2\/types\/page"}],"author":[{"embeddable":true,"href":"https:\/\/www.acvit.com.tr\/magaza\/wp-json\/wp\/v2\/users\/1"}],"replies":[{"embeddable":true,"href":"https:\/\/www.acvit.com.tr\/magaza\/wp-json\/wp\/v2\/comments?post=8373"}],"version-history":[{"count":4,"href":"https:\/\/www.acvit.com.tr\/magaza\/wp-json\/wp\/v2\/pages\/8373\/revisions"}],"predecessor-version":[{"id":8377,"href":"https:\/\/www.acvit.com.tr\/magaza\/wp-json\/wp\/v2\/pages\/8373\/revisions\/8377"}],"wp:attachment":[{"href":"https:\/\/www.acvit.com.tr\/magaza\/wp-json\/wp\/v2\/media?parent=8373"}],"curies":[{"name":"wp","href":"https:\/\/api.w.org\/{rel}","templated":true}]}}