{"id":8217,"date":"2024-08-27T10:29:15","date_gmt":"2024-08-27T07:29:15","guid":{"rendered":"https:\/\/www.acvit.com.tr\/magaza\/?page_id=8217"},"modified":"2024-08-27T10:58:49","modified_gmt":"2024-08-27T07:58:49","slug":"inovasyon","status":"publish","type":"page","link":"https:\/\/www.acvit.com.tr\/magaza\/inovasyon\/","title":{"rendered":"\u0130novasyon"},"content":{"rendered":"\t\t<div data-elementor-type=\"wp-page\" data-elementor-id=\"8217\" class=\"elementor elementor-8217\">\n\t\t\t\t<div class=\"elementor-element elementor-element-2d74968 e-flex e-con-boxed e-con e-parent\" data-id=\"2d74968\" data-element_type=\"container\">\n\t\t\t\t\t<div class=\"e-con-inner\">\n\t\t<div class=\"elementor-element elementor-element-9d7fc72 e-con-full e-flex e-con e-child\" data-id=\"9d7fc72\" data-element_type=\"container\">\n\t\t\t\t<div class=\"elementor-element elementor-element-2abb093 elementor-widget-mobile__width-auto elementor-widget elementor-widget-text-editor\" data-id=\"2abb093\" data-element_type=\"widget\" data-widget_type=\"text-editor.default\">\n\t\t\t\t<div class=\"elementor-widget-container\">\n\t\t\t\t\t\t\t\t\t<h4 style=\"color: #551033;\"><b>Acvit, s\u00fcrekli geli\u015fen, de\u011fi\u015fen, dinamik ve ba\u015far\u0131 odakl\u0131 bir i\u015f ortam\u0131 sunarak, fark yaratan ki\u015filer ile \u00e7al\u0131\u015fmay\u0131 hedefler.\u00a0<\/b><\/h4><p><span style=\"background-color: var(--ts-main-bg); color: var(--ts-text-color); font-family: var(--ts-pr-font-family); font-size: var(--ts-body-font-size); font-style: var(--ts-pr-font-style); font-weight: var(--ts-pr-font-weight); letter-spacing: var(--ts-pr-letter-spacing); text-align: var(--text-align);\">\u0130novasyon do\u011fan\u0131n kendisidir. Bilimle birle\u015fti\u011fi zaman ortaya \u00e7\u0131kan g\u00fczelli\u011fin kad\u0131nlarda yans\u0131mas\u0131d\u0131r Acvit Kozmetik. Kad\u0131n G\u00fczel, Erkek yak\u0131\u015f\u0131kl\u0131 olmak ister. Her daim bunlar\u0131n \u00fczerine koyarak en g\u00fczel ve en yak\u0131\u015f\u0131kl\u0131 hallerini korumak ve geli\u015ftirmek ister. Kad\u0131n G\u00fczellikte, Erkek Yak\u0131\u015f\u0131kl\u0131kta s\u0131n\u0131r tan\u0131mamakta, kendisini her daim yenilemektedir. Acvit\u2019te bu paralelde her daim kendisini yenilemekte olan s\u0131n\u0131rs\u0131z Do\u011fal kozmeti\u011fin ad\u0131d\u0131r.\u00a0<\/span><\/p><p><span style=\"text-align: var(--text-align); background-color: var(--ts-main-bg); color: var(--ts-text-color); font-family: var(--ts-pr-font-family); font-size: var(--ts-body-font-size); font-style: var(--ts-pr-font-style); font-weight: var(--ts-pr-font-weight); letter-spacing: var(--ts-pr-letter-spacing);\">Acvit\u2019in \u00fcr\u00fcnlerinde kulland\u0131\u011f\u0131 Polifenol ve PP-Box teknolojileri D\u00fcnya\u2019n\u0131n hi\u00e7bir kozmetik markas\u0131nda bulunmamaktad\u0131r. Yapt\u0131\u011f\u0131m\u0131z \u0130novasyonlar da kimseyi taklit etmeden, her daim taklit edilen bir marka unvan\u0131na sahiptir. Ald\u0131\u011f\u0131 \u00f6d\u00fcller bunun \u00fcr\u00fcn\u00fcd\u00fcr.\u00a0<\/span><\/p><p><span style=\"text-decoration: underline;\"><strong><span style=\"text-align: var(--text-align); background-color: var(--ts-main-bg); color: var(--ts-text-color); font-family: var(--ts-pr-font-family); font-size: var(--ts-body-font-size); font-style: var(--ts-pr-font-style); letter-spacing: var(--ts-pr-letter-spacing); text-decoration: underline;\">Birinci \u00f6nceli\u011fimiz g\u00fcler y\u00fcz ve kalitedir.\u00a0<br \/><\/span><\/strong><\/span><span style=\"text-align: var(--text-align); background-color: var(--ts-main-bg); color: var(--ts-text-color); font-family: var(--ts-pr-font-family); font-size: var(--ts-body-font-size); font-style: var(--ts-pr-font-style); font-weight: var(--ts-pr-font-weight); letter-spacing: var(--ts-pr-letter-spacing);\">\u0130novasyon g\u00fcler y\u00fczl\u00fc kaliteyi her zaman zirveye ta\u015f\u0131makla ba\u015flar. Alt yap\u0131s\u0131n\u0131 Do\u011fadan alan ACV\u0130T bilimle bunu g\u00fc\u00e7lendirmi\u015f ve kullan\u0131c\u0131lar\u0131n hizmetine kalite olarak sunmu\u015ftur. Hi\u00e7bir zaman kaliteden taviz vermeden yolumuza devam edece\u011fiz.\u00a0<\/span><\/p><p><span style=\"text-decoration: underline;\"><strong><span style=\"background-color: var(--ts-main-bg); color: var(--ts-text-color); font-family: var(--ts-pr-font-family); font-size: var(--ts-body-font-size); font-style: var(--ts-pr-font-style); letter-spacing: var(--ts-pr-letter-spacing); text-align: var(--text-align); text-decoration: underline;\">Kalitede \u0130novasyon\u00a0<br \/><\/span><\/strong><\/span><span style=\"text-align: var(--text-align); background-color: var(--ts-main-bg); color: var(--ts-text-color); font-family: var(--ts-pr-font-family); font-size: var(--ts-body-font-size); font-style: var(--ts-pr-font-style); font-weight: var(--ts-pr-font-weight); letter-spacing: var(--ts-pr-letter-spacing);\">T\u00fcketiciyi de \u0130novasyonun ba\u015fk\u00f6\u015fesine koyan ACV\u0130T \u201cKalitesiz \u00dcr\u00fcn Satacak Kadar Ucuz \u00dcretmiyoruz.\u201d mantalitesini kendine ilke edinmi\u015ftir. Her zaman kullan\u0131c\u0131n\u0131n istedi\u011fi verimi tek markada yakalamas\u0131 i\u00e7in \u00e7al\u0131\u015fmalar\u0131n\u0131 y\u00fcr\u00fctmektedir.\u00a0<\/span><\/p><p><span style=\"text-align: var(--text-align); background-color: var(--ts-main-bg); color: var(--ts-text-color); font-family: var(--ts-pr-font-family); font-size: var(--ts-body-font-size); font-style: var(--ts-pr-font-style); font-weight: var(--ts-pr-font-weight); letter-spacing: var(--ts-pr-letter-spacing);\">Bilim \u0130novasyonuna verdi\u011fi de\u011fer t\u00fcketici \u0130novasyonu ile b\u00fct\u00fcnle\u015fmi\u015ftir.\u00a0<\/span><\/p><p><span style=\"text-align: var(--text-align); background-color: var(--ts-main-bg); color: var(--ts-text-color); font-family: var(--ts-pr-font-family); font-size: var(--ts-body-font-size); font-style: var(--ts-pr-font-style); font-weight: var(--ts-pr-font-weight); letter-spacing: var(--ts-pr-letter-spacing);\">\u201cKullanmad\u0131\u011f\u0131m\u0131z \u00fcr\u00fcn\u00fc satm\u0131yoruz\u201d politikas\u0131n\u0131 \u00f6n plana \u00e7\u0131karm\u0131\u015ft\u0131r. Her \u00fcretilen \u00fcr\u00fcn deneklere denetilmeden kullan\u0131c\u0131lar\u0131m\u0131z\u0131n hizmetine sunulmamaktad\u0131r. Rastgele se\u00e7ilen deneklerden gelen tepkiler olumlu ise \u00fcr\u00fcn sat\u0131\u015fa sunulmaktad\u0131r. \u015eayet olumsuz ise; \u00fcr\u00fcn tekrar laboratuvarlar\u0131m\u0131za d\u00f6nmektedir.\u00a0<\/span><\/p><p><span style=\"text-align: var(--text-align); background-color: var(--ts-main-bg); color: var(--ts-text-color); font-family: var(--ts-pr-font-family); font-size: var(--ts-body-font-size); font-style: var(--ts-pr-font-style); font-weight: var(--ts-pr-font-weight); letter-spacing: var(--ts-pr-letter-spacing);\">ACV\u0130T her zaman yapt\u0131\u011f\u0131 g\u00fc\u00e7l\u00fc ara\u015ft\u0131rma ve inovasyonlarla halk\u0131m\u0131z taraf\u0131ndan be\u011feni toplam\u0131\u015ft\u0131r. G\u00fczellik ve bak\u0131ml\u0131 nesillere hizmet etmek i\u00e7in inovasyonun da Do\u011fa&amp;Bilim ikilisini kalitede birle\u015ftirmesini bilmi\u015ftir. ACV\u0130T Ara\u015ft\u0131rma &amp; \u0130novasyon modeli, d\u00fcnyan\u0131n \u00e7ok \u00e7e\u015fitli g\u00fczellik beklentilerine yan\u0131t verebilmesini m\u00fcmk\u00fcn k\u0131lmaktad\u0131r. Bizim D\u00fcnya \u00fczerinde yapt\u0131\u011f\u0131m\u0131z en b\u00fcy\u00fck \u0130novasyon do\u011fal Polifenol teknolojisini devreye koymak olmu\u015ftur. Polifenol teknolojisi ile Kozmeti\u011fin \u015fifresi \u00e7\u00f6z\u00fclm\u00fc\u015ft\u00fcr.\u00a0<\/span><\/p>\t\t\t\t\t\t\t\t<\/div>\n\t\t\t\t<\/div>\n\t\t\t\t<\/div>\n\t\t<div class=\"elementor-element elementor-element-17350d4 e-con-full e-flex e-con e-child\" data-id=\"17350d4\" data-element_type=\"container\">\n\t\t\t\t<div class=\"elementor-element elementor-element-7aac0e8 animated-slow elementor-invisible elementor-widget elementor-widget-image\" data-id=\"7aac0e8\" data-element_type=\"widget\" data-settings=\"{&quot;_animation&quot;:&quot;bounceInRight&quot;}\" data-widget_type=\"image.default\">\n\t\t\t\t<div class=\"elementor-widget-container\">\n\t\t\t\t\t\t\t\t\t\t\t\t\t\t\t<img fetchpriority=\"high\" decoding=\"async\" width=\"689\" height=\"1000\" src=\"https:\/\/www.acvit.com.tr\/magaza\/wp-content\/uploads\/inovasyon.jpg\" class=\"attachment-large size-large wp-image-8219\" alt=\"\" srcset=\"https:\/\/www.acvit.com.tr\/magaza\/wp-content\/uploads\/inovasyon.jpg 689w, https:\/\/www.acvit.com.tr\/magaza\/wp-content\/uploads\/inovasyon-207x300.jpg 207w, https:\/\/www.acvit.com.tr\/magaza\/wp-content\/uploads\/inovasyon-600x871.jpg 600w\" sizes=\"(max-width: 689px) 100vw, 689px\" \/>\t\t\t\t\t\t\t\t\t\t\t\t\t\t\t<\/div>\n\t\t\t\t<\/div>\n\t\t\t\t<\/div>\n\t\t\t\t\t<\/div>\n\t\t\t\t<\/div>\n\t\t<div class=\"elementor-element elementor-element-0bd3201 e-flex e-con-boxed e-con e-parent\" data-id=\"0bd3201\" data-element_type=\"container\">\n\t\t\t\t\t<div class=\"e-con-inner\">\n\t\t<div class=\"elementor-element elementor-element-cd5d034 e-con-full e-flex e-con e-child\" data-id=\"cd5d034\" data-element_type=\"container\">\n\t\t\t\t<div class=\"elementor-element elementor-element-916d4aa elementor-widget-mobile__width-auto elementor-widget elementor-widget-text-editor\" data-id=\"916d4aa\" data-element_type=\"widget\" data-widget_type=\"text-editor.default\">\n\t\t\t\t<div class=\"elementor-widget-container\">\n\t\t\t\t\t\t\t\t\t<p style=\"border-color: var(--ts-border);\"><span style=\"text-decoration: underline;\"><strong><span style=\"border-color: var(--ts-border); background-color: var(--ts-main-bg); color: var(--ts-text-color); font-family: var(--ts-pr-font-family); font-size: var(--ts-body-font-size); font-style: var(--ts-pr-font-style); letter-spacing: var(--ts-pr-letter-spacing); text-align: var(--text-align); text-decoration: underline;\">Do\u011fa &amp; Bilim: Kozmetikte, Do\u011fa Ba\u015flat\u0131r. Bilim Geli\u015ftirir.\u00a0<\/span><\/strong><\/span><\/p><p style=\"border-color: var(--ts-border);\"><span style=\"border-color: var(--ts-border); text-align: var(--text-align); background-color: var(--ts-main-bg); color: var(--ts-text-color); font-family: var(--ts-pr-font-family); font-size: var(--ts-body-font-size); font-style: var(--ts-pr-font-style); font-weight: var(--ts-pr-font-weight); letter-spacing: var(--ts-pr-letter-spacing);\">ACV\u0130T geli\u015fimini tek bir inan\u00e7 \u00fczerine in\u015fa etmi\u015ftir. G\u00fc\u00e7l\u00fc ara\u015ft\u0131rmalar, ger\u00e7ek sonu\u00e7lar sa\u011flayan kozmetik \u00fcr\u00fcnleri \u00fcretmektir. Kozmetik sekt\u00f6r\u00fcnde benzeri olmayan Ara\u015ft\u0131rma &amp; \u0130novasyon modeli, \u00fc\u00e7 ana unsur etraf\u0131nda toplanmaktad\u0131r:\u00a0<\/span><\/p><p style=\"border-color: var(--ts-border);\"><span style=\"border-color: var(--ts-border); text-align: var(--text-align); background-color: var(--ts-main-bg); color: var(--ts-text-color); font-family: var(--ts-pr-font-family); font-size: var(--ts-body-font-size); font-style: var(--ts-pr-font-style); font-weight: var(--ts-pr-font-weight); letter-spacing: var(--ts-pr-letter-spacing);\">1-Do\u011fall\u0131k<br style=\"border-color: var(--ts-border);\" \/><\/span><span style=\"border-color: var(--ts-border); background-color: var(--ts-main-bg); color: var(--ts-text-color); font-family: var(--ts-pr-font-family); font-size: var(--ts-body-font-size); font-style: var(--ts-pr-font-style); font-weight: var(--ts-pr-font-weight); letter-spacing: var(--ts-pr-letter-spacing); text-align: var(--text-align);\">2-Orijinallik<br style=\"border-color: var(--ts-border);\" \/><\/span><span style=\"border-color: var(--ts-border); background-color: var(--ts-main-bg); color: var(--ts-text-color); font-family: var(--ts-pr-font-family); font-size: var(--ts-body-font-size); font-style: var(--ts-pr-font-style); font-weight: var(--ts-pr-font-weight); letter-spacing: var(--ts-pr-letter-spacing); text-align: var(--text-align);\">3-Etkinliktir\u00a0<\/span><\/p><p style=\"border-color: var(--ts-border);\"><span style=\"border-color: var(--ts-border); text-align: var(--text-align); background-color: var(--ts-main-bg); color: var(--ts-text-color); font-family: var(--ts-pr-font-family); font-size: var(--ts-body-font-size); font-style: var(--ts-pr-font-style); font-weight: var(--ts-pr-font-weight); letter-spacing: var(--ts-pr-letter-spacing);\">Acvit Do\u011fal olan \u00fcr\u00fcnlere imza atmaktad\u0131r. Her \u00fcretti\u011fimiz \u00fcr\u00fcn bize has \u00fcretilmi\u015ftir. Orijinal olarak sizlerin hizmetine sunulmu\u015ftur. Sunulan \u00fcr\u00fcnlerin etkinli\u011fi halk\u0131m\u0131z taraf\u0131ndan onaylanm\u0131\u015ft\u0131r. Do\u011fal kozmetik \u00fcr\u00fcnlerimiz k\u0131sa vadede, baz\u0131 \u00fcr\u00fcnlerimiz ilk kullan\u0131mda etkisini g\u00f6stermektedir. Cilde herhangi bir yan etkisi \u015fu ana kadar rastlanmam\u0131\u015ft\u0131r.\u00a0<\/span><\/p><p style=\"border-color: var(--ts-border);\"><span style=\"text-decoration: underline;\"><strong><span style=\"border-color: var(--ts-border); text-align: var(--text-align); background-color: var(--ts-main-bg); color: var(--ts-text-color); font-family: var(--ts-pr-font-family); font-size: var(--ts-body-font-size); font-style: var(--ts-pr-font-style); letter-spacing: var(--ts-pr-letter-spacing); text-decoration: underline;\">Do\u011fal \u0130novasyonun Ad\u0131d\u0131r Acvit Kozmetik\u00a0<\/span><\/strong><\/span><\/p><p style=\"border-color: var(--ts-border);\"><span style=\"border-color: var(--ts-border); background-color: var(--ts-main-bg); color: var(--ts-text-color); font-family: var(--ts-pr-font-family); font-size: var(--ts-body-font-size); font-style: var(--ts-pr-font-style); font-weight: var(--ts-pr-font-weight); letter-spacing: var(--ts-pr-letter-spacing); text-align: var(--text-align);\">Do\u011fa her daim her mevsim kendisini yeniler ve her g\u00fcn farkl\u0131 g\u00fczellikleri insanl\u0131\u011fa sunar. Asl\u0131nda en b\u00fcy\u00fck inovasyon do\u011fan\u0131n kendisidir.\u00a0<\/span><\/p><p style=\"border-color: var(--ts-border);\"><span style=\"border-color: var(--ts-border); text-align: var(--text-align); background-color: var(--ts-main-bg); color: var(--ts-text-color); font-family: var(--ts-pr-font-family); font-size: var(--ts-body-font-size); font-style: var(--ts-pr-font-style); font-weight: var(--ts-pr-font-weight); letter-spacing: var(--ts-pr-letter-spacing);\">Do\u011fan\u0131n g\u00fcc\u00fc laboratuvarlarda bilimle birle\u015fti\u011fi zaman G\u00fczel ve Bak\u0131ml\u0131 kad\u0131nlara hizmet eder. Do\u011fay\u0131 bilimle s\u00fczen Acvit kozmetik G\u00fczelli\u011finizi ortaya \u00e7\u0131kararak, ki\u015fisel bak\u0131m\u0131z\u0131 en iyi \u015fekilde yapar. Ondan dolay\u0131 kozmetikte Do\u011fal \u0130novasyonun Ad\u0131d\u0131r Acvit Kozmetik.<\/span><\/p>\t\t\t\t\t\t\t\t<\/div>\n\t\t\t\t<\/div>\n\t\t\t\t<\/div>\n\t\t<div class=\"elementor-element elementor-element-79cb4c4 e-con-full e-flex e-con e-child\" data-id=\"79cb4c4\" data-element_type=\"container\">\n\t\t\t\t<\/div>\n\t\t\t\t\t<\/div>\n\t\t\t\t<\/div>\n\t\t\t\t<\/div>\n\t\t","protected":false},"excerpt":{"rendered":"<p>Acvit, s\u00fcrekli geli\u015fen, de\u011fi\u015fen, dinamik ve ba\u015far\u0131 odakl\u0131 bir i\u015f ortam\u0131 sunarak, fark yaratan ki\u015filer ile \u00e7al\u0131\u015fmay\u0131 hedefler.\u00a0 \u0130novasyon do\u011fan\u0131n kendisidir. Bilimle birle\u015fti\u011fi zaman ortaya \u00e7\u0131kan g\u00fczelli\u011fin kad\u0131nlarda yans\u0131mas\u0131d\u0131r Acvit Kozmetik. Kad\u0131n G\u00fczel, Erkek yak\u0131\u015f\u0131kl\u0131 olmak ister. Her daim bunlar\u0131n \u00fczerine koyarak en g\u00fczel ve en yak\u0131\u015f\u0131kl\u0131 hallerini korumak ve geli\u015ftirmek ister. Kad\u0131n G\u00fczellikte, Erkek [&hellip;]<\/p>\n","protected":false},"author":1,"featured_media":0,"parent":0,"menu_order":0,"comment_status":"closed","ping_status":"closed","template":"","meta":{"footnotes":""},"class_list":["post-8217","page","type-page","status-publish","hentry"],"aioseo_notices":[],"_links":{"self":[{"href":"https:\/\/www.acvit.com.tr\/magaza\/wp-json\/wp\/v2\/pages\/8217","targetHints":{"allow":["GET"]}}],"collection":[{"href":"https:\/\/www.acvit.com.tr\/magaza\/wp-json\/wp\/v2\/pages"}],"about":[{"href":"https:\/\/www.acvit.com.tr\/magaza\/wp-json\/wp\/v2\/types\/page"}],"author":[{"embeddable":true,"href":"https:\/\/www.acvit.com.tr\/magaza\/wp-json\/wp\/v2\/users\/1"}],"replies":[{"embeddable":true,"href":"https:\/\/www.acvit.com.tr\/magaza\/wp-json\/wp\/v2\/comments?post=8217"}],"version-history":[{"count":22,"href":"https:\/\/www.acvit.com.tr\/magaza\/wp-json\/wp\/v2\/pages\/8217\/revisions"}],"predecessor-version":[{"id":8252,"href":"https:\/\/www.acvit.com.tr\/magaza\/wp-json\/wp\/v2\/pages\/8217\/revisions\/8252"}],"wp:attachment":[{"href":"https:\/\/www.acvit.com.tr\/magaza\/wp-json\/wp\/v2\/media?parent=8217"}],"curies":[{"name":"wp","href":"https:\/\/api.w.org\/{rel}","templated":true}]}}